ple of 23?
False
Is 70552 a multiple of 160?
False
Does 64 divide 44025?
False
Is 18 a factor of 13713?
False
Is 292 a multiple of 3?
False
Is 1025 a multiple of 25?
True
Does 7 divide 46?
False
Is 5 a factor of 229?
False
Does 7 divide 1022?
True
Is 23 a factor of 10036?
False
Is 8 a factor of 190?
False
Does 18 divide 6755?
False
Is 11477 a multiple of 103?
False
Is 8287 a multiple of 37?
False
Does 134 divide 7906?
True
Does 11 divide 7186?
False
Is 10 a factor of 115640?
True
Is 20 a factor of 840?
True
Is 255 a multiple of 7?
False
Is 53 a factor of 5120?
False
Is 156 a factor of 1256?
False
Is 25 a factor of 10125?
True
Is 19 a factor of 289?
False
Is 5 a factor of 1265?
True
Is 23 a factor of 209?
False
Is 1174 a multiple of 26?
False
Is 17 a factor of 3571?
False
Does 149 divide 15420?
False
Does 24 divide 8496?
True
Is 61712 a multiple of 58?
True
Is 35 a factor of 3192?
False
Is 5 a factor of 84?
False
Is 1940 a multiple of 97?
True
Is 12 a factor of 852?
True
Is 23 a factor of 3964?
False
Is 1091 a multiple of 19?
False
Does 4 divide 359?
False
Is 21 a factor of 4347?
True
Is 93 a factor of 8525?
False
Is 15477 a multiple of 117?
False
Is 342 a multiple of 9?
True
Is 6 a factor of 750?
True
Does 188 divide 32336?
True
Does 14 divide 8479?
False
Is 108 a factor of 14472?
True
Is 7 a factor of 3355?
False
Does 14 divide 1414?
True
Is 94665 a multiple of 48?
False
Is 104 a multiple of 26?
True
Does 113 divide 92999?
True
Is 9198 even?
True
Does 113 divide 678?
True
Is 30 a factor of 17528?
False
Is 22643 a multiple of 18?
False
Does 5 divide 535?
True
Does 19 divide 11600?
False
Is 51 a factor of 14435?
False
Does 11 divide 2093?
False
Does 4 divide 740?
True
Is 1989 a multiple of 39?
True
Is 535 a multiple of 16?
False
Does 2 divide 228?
True
Is 28 a factor of 476?
True
Is 1704 a multiple of 6?
True
Is 1650 a multiple of 6?
True
Is 44160 a multiple of 20?
True
Does 12 divide 36?
True
Is 51659 a multiple of 11?
False
Is 6570 a multiple of 15?
True
Is 24863 a multiple of 11?
False
Does 36 divide 2160?
True
Does 5 divide 227?
False
Is 8703 a multiple of 17?
False
Is 38 a factor of 42218?
True
Is 1953 a multiple of 21?
True
Does 22 divide 7989?
False
Is 14 a factor of 511?
False
Does 44 divide 19233?
False
Is 26 a factor of 263?
False
Does 32 divide 376?
False
Is 1131 a multiple of 3?
True
Is 63 a factor of 9735?
False
Is 540 a multiple of 30?
True
Is 65 a factor of 72995?
True
Is 4048 a multiple of 193?
False
Is 349 a multiple of 53?
False
Does 22 divide 352?
True
Is 30 a factor of 2615?
False
Is 12 a factor of 67?
False
Is 36 a factor of 46503?
False
Is 2064 a multiple of 48?
True
Is 12528 a multiple of 116?
True
Is 23 a factor of 1838?
False
Does 9 divide 137?
False
Does 21 divide 4809?
True
Does 16 divide 1224?
False
Is 1008 a multiple of 17?
False
Does 5 divide 170?
True
Does 51 divide 893?
False
Is 3 a factor of 265?
False
Is 11 a factor of 2321?
True
Is 25 a factor of 925?
True
Does 131 divide 5240?
True
Is 825 a multiple of 55?
True
Is 353 even?
False
Is 2014 a multiple of 12?
False
Is 38 a factor of 3285?
False
Is 4256 a multiple of 14?
True
Is 36 a factor of 432?
True
Is 1127 a multiple of 11?
False
Is 6188 a multiple of 17?
True
Does 10 divide 9130?
True
Is 8 a factor of 3256?
True
Is 2 a factor of 260?
True
Is 24 a factor of 912?
True
Is 66 a factor of 588?
False
Does 23 divide 32359?
False
Is 360 a multiple of 15?
True
Does 16 divide 2848?
True
Is 2 a factor of 12?
True
Is 35 a factor of 72695?
True
Does 32 divide 12218?
False
Is 1384 a multiple of 7?
False
Does 28 divide 243?
False
Is 6864 a multiple of 6?
True
Is 52 a multiple of 4?
True
Does 15 divide 31198?
False
Is 56 a factor of 7100?
False
Does 46 divide 92?
True
Is 60796 a multiple of 52?
False
Is 4125 a multiple of 4?
False
Is 57420 a multiple of 29?
True
Is 992 a multiple of 10?
False
Is 13 a factor of 351?
True
Is 68 a factor of 2516?
True
Is 467 a multiple of 15?
False
Does 23 divide 943?
True
Is 14 a factor of 490?
True
Does 21 divide 20919?
False
Is 13 a factor of 1635?
False
Is 3212 a multiple of 30?
False
Does 10 divide 1016?
False
Does 6 divide 503?
False
Does 5 divide 145?
True
Does 12 divide 4783?
False
Is 6 a factor of 186?
True
Does 8 divide 607?
False
Is 878 a multiple of 4?
False
Is 9 a factor of 3692?
False
Is 8 a factor of 11936?
True
Is 1825 a multiple of 5?
True
Does 28 divide 24976?
True
Does 21 divide 1182?
False
Is 359 a multiple of 3?
False
Is 15437 a multiple of 43?
True
Does 14 divide 3168?
False
Is 1344 a multiple of 102?
False
Is 10554 a multiple of 363?
False
Does 5 divide 85?
True
Is 1113 a multiple of 25?
False
Is 26 a factor of 624?
True
Is 1221 a multiple of 33?
True
Is 178 a multiple of 6?
False
Does 74 divide 7622?
True
Is 364 a multiple of 14?
True
Is 8 a factor of 13544?
True
Does 17 divide 11050?
True
Does 56 divide 784?
True
Is 1476 a multiple of 67?
False
Is 976 a multiple of 214?
False
Does 24 divide 16808?
False
Is 40 a factor of 63000?
True
Is 3 a factor of 3800?
False
Is 34575 a multiple of 46?
False
Is 135 a multiple of 2?
False
Is 20 a factor of 33757?
False
Is 22548 a multiple of 24?
False
Does 16 divide 37024?
True
Is 21069 a multiple of 8?
False
Is 15 a factor of 1294?
False
Is 37615 a multiple of 6?
False
Is 14970 a multiple of 5?
True
Is 11 a factor of 611?
False
Is 125 a multiple of 7?
False
Does 2 divide 18741?
False
Does 100 divide 200?
True
Is 11 a factor of 3410?
True
Is 30 a factor of 3091?
False
Is 17 a factor of 323?
True
Is 51 a factor of 102?
True
Is 26 a factor of 46044?
False
Does 78 divide 59008?
False
Is 396 a multiple of 22?
True
Does 160 divide 28160?
True
Is 5340 a multiple of 16?
False
Is 7 a factor of 231?
True
Is 75 a factor of 375?
True
Does 36 divide 3744?
True
Is 52 a factor of 2529?
False
Is 19178 a multiple of 185?
False
Is 83 a factor of 16434?
True
Is 33 a factor of 3135?
True
Does 28 divide 1978?
False
Does 13 divide 6839?
False
Is 7 a factor of 3522?
False
Does 8 divide 10152?
True
Is 32 a factor of 288?
True
Does 8 divide 201?
False
Is 1193 a multiple of 15?
False
Is 10 a factor of 630?
True
Does 13 divide 428?
False
Is 2808 a multiple of 108?
True
Is 195 a factor of 8716?
False
Is 5453 a multiple of 26?
False
Is 98 a factor of 19796?
True
Does 160 divide 160?
True
Is 40 a factor of 3423?
False
Does 78 divide 858?
True
Does 55 divide 17490?
True
Does 12 divide 34980?
True
Is 74246 a multiple of 43?
False
Is 25 a factor of 2817?
False
Does 6 divide 1064?
False
Does 24 divide 462?
False
Is 16 a factor of 52767?
False
Is 21879 a multiple of 17?
True
Does 13 divide 66599?
True
Is 44 a factor of 7670?
False
Does 5 divide 120?
True
Does 28 divide 23072?
True
Does 168 divide 21437?
False
Does 17 divide 34?
True
Is 315 a multiple of 9?
True
Is 26 a factor of 364?
True
Is 192 a multiple of 8?
True
Is 21 a factor of 47638?
False
Is 1853 a multiple of 14?
False
Does 2 divide 67?
False
Does 222 divide 10656?
True
Is 81 a factor of 3483?
True
Is 32 a factor of 146?
False
Does 65 divide 13983?
False
Is 49 a factor of 30968?
True
Does 26 divide 633?
False
Is 1405 a multiple of 6?
False
Is 16129 a multiple of 48?
False
Is 69 a factor of 897?
True
Is 119 a factor of 595?
True
Is 12 a factor of 312?
True
Is 34032 a multiple of 6?
True
Is 9 a factor of 4483?
False
Is 14613 a multiple of 146?
False
Is 1960 a multiple of 70?
True
Does 100 divide 2900?
True
Is 884 a multiple of 20?
False
Is 9 a factor of 468?
True
Is 235 a factor of 51700?
True
Is 7030 a multiple of 14?
False
Is 160 a multiple of 34?
False
Is 385 a multiple of 77?
True
Is 520 a multiple of 20?
True
Does 11 divide 7417?
False
Is 551 even?
False
Is 58 a multiple of 3?
False
Is 1180 a multiple of 106?
False
Is 26132 a multiple of 47?
True
Does 89 divide 27234?
True
Is 134 a factor of 11792?
True
Is 8 a factor of 168?
True
Does 6 divide 245?
False
Is 17594 a multiple of 19?
True
Is 822 a multiple of 3?
True
Is 864 a multiple of 24?
True
Is 57 a factor of 40960?
False
Is 11652 a multiple of 5?
False
Is 2970 a multiple of 5?
True
Is 11324 a multiple of 30?
False
Is 12 a factor of 216?
True
Is 30000 a multiple of 30?
True
Does 10 divide 150?
True
Does 8 divide 2989?
False
Is 86347 a multiple of 20?
False
Does 52 divide 3151?
False
Is 6 a factor o